 - 0) + -6 + 2?
4
Evaluate 28 - (40 + -18) - (-1 + 8).
-1
Calculate 1 + (-1 - 5 - (9 + -10)).
-4
Evaluate (-5 - 0 - -4) + -9 + 15.
5
Calculate 4 - 3 - 3 - (-9 + 3).
4
-3 + 1 + (0 - -2 - -2)
2
What is -91 - -82 - (-10 + 1)?
0
Evaluate -2 + (-8 - -13 - 6).
-3
-3 + -1 + -1 + (-2 - -5)
-2
Evaluate -1 + 7 + -1 + 4 + -8.
1
Evaluate -8 + (1 - (-5 + 5)) + 2.
-5
What is the value of -2 + 2 + 0 + -2 - 1?
-3
7 + 2 - 0 - 0
9
4 + (-11 - (-3 - 2))
-2
What is 6 + -7 + 5 + 1 + 4?
9
Calculate -12 - (3 - 5 - 4).
-6
Evaluate (2 - (5 - 2)) + -22 + 24.
1
Calculate (1 - 5 - -3) + 5.
4
Evaluate 7 + -1 + 59 + -59 - 0.
6
What is the value of (2 - (-5 - -12)) + -3 - -5?
-3
Calculate (3 - 1) + 2 + -8 - -6.
2
Evaluate 3 + 0 + (2 - 4).
1
Calculate 0 + -1 + (10 - 14).
-5
What is -3 + (10 + -10 - -8)?
5
Calculate -6 - ((-2 - -2) + 3 + -3).
-6
What is the value of 1 - 0 - (8 - 7)?
0
Evaluate 1 + 6 + (-9 - (-2 + -2)).
2
What is the value of 1 + 1 + (-3 - (4 - 0))?
-5
Calculate 1 + (6 - -2 - (0 + 4)).
5
What is -1 + (-4 - (5 + -9)) - 3?
-4
Evaluate 0 - (-2 + (-3 - -3)).
2
Evaluate (-13 - -9) + 5 - (0 + -10).
11
What is -5 + (1 - 1 - (0 + -4))?
-1
Calculate -4 - (2 - 7) - (-3 - 0).
4
What is the value of -2 - 0 - (18 + -15)?
-5
What is (-6 - -10) + (2 - 13) + 2?
-5
What is the value of 0 + 9 + 97 + -100?
6
What is the value of 7 + (-6 - 0 - (-17 + 14))?
4
7 - (8 + -6) - 6
-1
What is 1 + -3 + 5 - 5 - 1?
-3
Calculate 2 + (10 - (-2 + 7)).
7
Calculate -3 + -1 - -1 - (-7 + 6).
-2
Evaluate (8 - 14) + 16 + -20.
-10
What is (-9 - -5) + (6 + -1 - 2)?
-1
What is 13 - (1 + 11 - 6)?
7
-4 - (-4 + -2 + 5 + 0)
-3
Calculate 1 - (-4 - (6 + -15)).
-4
(-7 - -2) + -11 + 6 - -3
-7
What is the value of -9 - -5 - -3 - 2?
-3
What is (3 - -5) + (1 - 7 - 8)?
-6
2 + 1 + -2 + (1 - 4)
-2
-7 - (5 + -11 - -1)
-2
What is 7 + (-8 - (-1 + -5)) + -12?
-7
Calculate 0 + -2 - ((1 - 9) + 2).
4
Calculate 5 - (4 - (-5 + 6)).
2
What is the value of 9 + -6 + (6 - 6)?
3
(10 + -11 - -2) + 4
5
Calculate 2 - (4 + -2 - (1 - 6)).
-5
Evaluate -11 - -4 - (-15 - (3 - 3)).
8
Evaluate -2 - -5 - 2 - (13 - 13).
1
Evaluate (-5 + 12 - 3) + -2.
2
1 - -2 - -2 - 3 - 6
-4
What is 1 + (1 - 3) - (-3 + 1)?
1
What is -3 + (-1 - 0) + 37 + -35?
-2
Evaluate 6 - ((39 - 38) + 5 + -1).
1
-5 - (-3 - -7 - (1 + 13))
5
Calculate (-3 + 2 - -3) + 7 + -6.
3
Calculate 2 - ((-1 - (-8 + 8)) + -3).
6
What is 2 + (3 - 2) + 0 - -1?
4
-1 + 4 + -10 - -4
-3
4 - 1 - (-8 - -17)
-6
What is the value of 1 + 9 - (-3 - (4 + -14))?
3
Evaluate -10 + 16 + 3 + -12.
-3
Calculate 12 - 13 - (0 - 1 - -3).
-3
Calculate -2 + (-1 - 0) + 20 + -22.
-5
What is (7 - 1) + (-1 - 2 - 2)?
1
What is (10 - -8) + -2 + -7 - 6?
3
(-5 - -6) + 1 + (-1 - -4)
5
What is the value of 1 - 0 - (-18 + 12 - -7)?
0
What is 7 + (-6 - 2) + -4?
-5
What is -3 + 1 - ((8 - 11) + 4)?
-3
What is 1 - (-6 + 8 + -4 + 6)?
-3
What is (6 - 1) + -11 + 4?
-2
What is the value of 15 + (9 - (-13 - -32))?
5
12 - ((-58 - -57) + 5 + 0)
8
Calculate (-8 - (0 - -4 - 2)) + 5.
-5
What is the value of -3 + (2 - 2) + -1 + -1?
-5
What is 4 + (0 - 4) + -1?
-1
Evaluate (16 - 17) + (6 - (0 - -1)).
4
What is the value of -5 - (-2 + (-2 - 0)) - 0?
-1
What is 5 + -15 + (10 - 2)?
-2
Calculate 5 + -13 + -4 - -7.
-5
Calculate 3 + -3 + 4 + -6.
-2
What is (2 - -2) + (7 - 9) + -1?
1
What is -7 + 1 - (6 + -17 + 5)?
0
What is -6 + -1 - (-2 - -1) - -7?
1
-1 + 0 + 54 + -48
5
What is the value of -5 + (11 - (12 - 7))?
1
Evaluate 2 + 0 + (12 + -1 - 17).
-4
Calculate 0 - (0 + 1 + 2 + -2).
-1
Evaluate 7 + -6 + -1 + 0.
0
Evaluate -2 - ((4 - 10) + 6).
-2
Calculate 7 + -2 - 1 - (4 - 3).
3
What is (-3 - (1 - 3)) + -3?
-4
-4 + -4 + 4 + 1
-3
Evaluate 9 - 2 - (5 - 1 - 2).
5
8 + -13 + 4 + 0
-1
What is -1 + (6 - 8 - (-1 - -1))?
-3
What is the value of -3 - (8 + -12 + 0)?
1
Calculate 8 + -3 - (-3 - (-14 - -1)).
-5
Evaluate (3 - (-5 - -5)) + -1.
2
(-4 - 1) + 12 + (1 - 1)
7
What is (-9 - (-4 + -6)) + -8?
-7
What is -2 + 5 + 1 + 2 - 4?
2
Calculate 7 + (-8 + -7 - -6).
-2
-1 - -2 - (-15 + 13)
3
Calculate 10 - (1 - -4) - (2 + -1).
4
What is the value of (2 - 10 - -5) + 0 + -3?
-6
What is -11 + (13 - (5 + -6)) + -7?
-4
Calculate 12 + -7 - (12 - (1 + 1)).
-5
What is the value of -3 + 2 + -1 - 0?
-2
What is the value of (2 - 5) + 2 - (-1 + -3)?
3
What is -5 - (-3 - 2 - 1)?
1
Evaluate 4 - (-2 - (-4 - 5)).
-3
-3 + (-4 - (3 + -13)) + 4
7
Evaluate -12 + -16 + 16 - (-6 - 0).
-6
Evaluate -1 + -11 + (5 - -5).
-2
Calculate 9 + -12 + (3 - 0).
0
What is (-1 - -4) + (-7 - 1)?
-5
0 + (-2 - -5) + -19 + 23
7
Calculate 10 + 9 + -7 + -11.
1
Evaluate -6 - (-5 + 2 - 0).
-3
What is the value of 5 + -5 - (8 + -6)?
-2
What is the value of 1 + 2 + -3 + -15 + 14?
-1
(12 - 8) + -10 + 2
-4
Calculate -3 + (7 - 0 - 1).
3
Calculate 0 + -4 + 8 + (-3 - -4).
5
Evaluate (-6 - (15 - 21)) + 1 + -2.
-1
Evaluate 0 + 1 + -13 - (-110 - -107).
-9
What is (-5 - -3) + -5 + (7 - -1)?
1
What is the value of -6 + (0 + -5 - -8)?
-3
What is (1 - 5 - -1) + 0 + 0?
-3
What is the value of 0 - 0 - (-12 - -1 - -15)?
-4
What is the value of 7 - 3 - (-3 + -2 + 4)?
5
What is the value of (0 - (-2 + 1)) + -10 + 6?
-3
What is the value of 2 + (30 + -26 - (8 - -1))?
-3
-13 - -4 - (-3 - -2)
-8
Evaluate 1 + 0 + (3 - 0) + -1.
3
Calculate 0 + -3 - (21 + -22).
-2
Evaluate (-4 - -3) + 2 - 2 - 2.
-3
Evaluate 8 + (-14 - (5 + -6)).
-5
What is the value of 1 - (-2 + (-5 - -6))?
2
Evaluate (0 - 2) + -38 + 44.
4
What is the value of -3 + 0 + 13 + -6?
4
-5 + (-6 + 4 - -4)
-3
Calculate 3 + (-4 - 1) + 6.
4
-1 - (-2 + 2 - 8)
7
What is -9 - (-7 - 10) - 6?
2
What is the value of -8 - (6 - 13) - 8?
-9
What is 5 + -6 + 7 + (-5 - -2)?
3
What is the value of (-5 - -3 - -9) + -3?
4
1 - (8 + -1) - (-67 - -64)
-3
What is 5 + -4 - (5 + 1 + -4)?
-1
4 - (1 - 1 - (-18 + 15))
1
What is 8 + -11 + -1 + 2 + 5?
3
Evaluate 1 + 3 + -4 + 2.
2
(0 - 11) + 7 - (-5 + 2)
-1
Evaluate -2 + (-10 + 7 - (1 - 10)).
4
Evaluate 16 + -15 + -1 + 1.
1
What is 5 - 11 - (-30 - -16)?
8
What is -7 - (10 + -5 + -3)?
-9
Calculate 1 - (-5 + -4 + 7).
3
4 - (-11 + 21) - 4
-10
What is -2 - (-6 - (-3 + -1))?
0
Evaluate 11 + -3 + (0 - 9) + 6.
5
What is (1 + -2 - (1 + -1)) + -3?
-4
(6 - (-4 + (4 - -19))) + 3
-10
-3 + (-5 - -13) + -6 - 4
-5
What is 9 + 11 + -12 - (0 + 6)?
2
0 - (0 - 2) - (23 - 27)
6
What is the value of 0 + -1 + 5 - (-1 - -7)?
-2
Evaluate -5 + (-4 - 1) + 3 + 6.
-1
-4 + 4 + -5 + 2 + -4
-7
What is the value of 0 - (-2 + (4 - 7) + 3)?
2
-5 + (5 - 5) - -5 - 1
-1
What is the value of 2 - (5 - (0 + 0 + 2))?
-1
Calculate -3 - ((-2 - 0) + -1) - -3.
3
What is the value of -1 - 1 - (-16 + 15)?
-1
What is -4 + (1 - 16) - -15?
-4
What is (1 - -2 - 4) + 1?
0
What is the value of 0 + (-1 + 2 - 1)?
0
What is the value of -6 + (2 - 8) + 16?
4
What is (4 - -8 - (3 - 3)) + -3?
9
Calculate 1 - -1 - (-2 - (-6 + 4)).
2
Evaluate 3 + (4 - 5) - -1.
3
What is the value of -109 + 104 - (4 - 0)?
-9
Calculate (-11 - (-12 + 6)) + 5.
0
What is -10 + 10 - (1 + 0 + -4)?
3
Evaluate -4 - -13 - (-3 + 7).
5
3 + 1 + -1 - 0
3
Calculate 16 + (-14 - -1) + 0.
3
Calculate 3 - (1 + 0 - (-1 + -3)).
-2
Calculate 5 + (-4 - -2 - (5 + -7)).
5
What is -7 + (1 - -5 - (-23 + 24))?
-2
What is -2 - (-2 + 1) - (6 - 7)?
0
0 - 0 - (-6 + 2)
4
What is the value of -21 + 12 + 0 + 2 + 14?
7
Evaluate 1 + -2 + (1 - 0) - 2.
-2
Evaluate -1 + -1 - (16 - 25).
7
What is the value of 2 + (5 - 10) + -3 + 1?
-5
10 - 21 - (-10 - 1)
0
Evaluate -4 - (6 - (4 + 5 + -3)).
-4
Calculate -6 + -6 + 7 - -8.
3
-2 + 6 - (-73 + 66)
11
Calculate 1 + (1 - -2 - (4 - 3)).
3
Evaluate -4 + 2 + (-3 - 1 - -4).
-2
What is the value of (-1 - 3) + 3 + -5 + 13?
7
Evaluate (4 - 8) + (5 - 3).
-2
9 + -4 + -3 - (7 - 1)
-4
1 - (-8 + 12 - -3)
-6
What is the value of (-1 - -5) + -9 + 31 + -28?
-2
Evaluate -3 - (-12 - -4 - -9).
-4
What is (2 - (-1 - -2)) + 2 + 1?
4
What is the value of -4 + (4 - -2 - 4)?
-2
What is the value of -10 - -1 - -16 - (3 + -1)?
5
What is the value of 2 + -2 + -1 - 3?
-4
What is the value of 8 - (-9 + 7 + 5)?
5
-1 + -1 - (1 + 2)
-5
(9 + -2 - 2) + 12 + -26
-9
What is (-10 - -2) + (-4 - -19) - 1?
6
What is the value of -54 + 56 - (-1 - 2)?
5
Calculate 0 + 13 + (-5 - 7).
1
What is -17 + 11 + 10 + 0?
4
-9 - (3 - (7 + 0))
-5
Calculate -7 - (8 + (-12 - 7)).
4
What is the value of 3 + (-16 - (3 + -13 + 5))?
-8
-25 + 26 + (2 - (-2 - -1))
4
What is the val